- 343*p + 1406. What is o(-90)?
-124
Let y(j) = 17*j**3 - 4*j**2 + 20*j + 85. What is y(5)?
2210
Let b(t) = 6*t**3 - 4*t**2 - 75*t - 55. Calculate b(0).
-55
Let o(n) = 5*n**2 - 36*n - 480. Give o(15).
105
Let d(q) = -10914*q - 228952. Give d(-21).
242
Let o(h) = 53617*h - 320692. Calculate o(6).
1010
Let n(f) = 1033*f + 617. Determine n(-1).
-416
Let g(y) = -21*y**2 - 668*y + 125. What is g(-32)?
-3
Let n(h) = -359*h + 56864. Give n(153).
1937
Let z(f) = -f**3 - 89*f**2 - 25*f - 2466. Calculate z(-89).
-241
Let p(h) = h**3 + 47*h**2 - 1263*h - 57091. Determine p(-49).
-6
Let i(b) = b**2 - 17*b - 2089. Determine i(0).
-2089
Let s(d) = d**2 + 1321*d - 7902. Determine s(6).
60
Let p(g) = 3*g**3 + 50*g**2 + 1977*g + 21710. What is p(-12)?
2
Let y(u) = -u**3 + 102*u**2 - 593*u + 29286. Determine y(99).
-18
Let l(q) = 59*q**2 - 4048*q + 400. What is l(68)?
-2048
Let i(a) = -4*a**3 - 66*a**2 + 314*a - 32. Calculate i(4).
-88
Let b(v) = 4563*v + 64328. Determine b(-14).
446
Let l(c) = -c**3 + 2*c**2 + 62*c + 8. Determine l(8).
120
Let c(s) = s**2 - 85*s - 8024. What is c(143)?
270
Let f(b) = -40395*b - 1979354. Calculate f(-49).
1
Let z(d) = 10*d**3 + 430*d**2 + 235*d + 10109. Determine z(-43).
4
Let r(q) = 532*q**2 - 1513*q + 9. Give r(4).
2469
Let g(n) = 1090*n + 72683. Calculate g(-67).
-347
Let c(x) = x**3 + 56*x**2 + 645*x - 775. What is c(-39)?
-73
Let t(c) = -c**3 + 15*c**2 + 112*c + 744. Give t(22).
-180
Let w(g) = -6*g**3 - 25*g**2 + 191*g + 823. Give w(-5).
-7
Let z(d) = -258*d**2 + 17113*d + 114. Give z(66).
5724
Let y(l) = 196170*l - 3334884. What is y(17)?
6
Let f(d) = -41*d**2 + 811*d + 165. Give f(20).
-15
Let b(f) = 2107*f - 13513. Give b(7).
1236
Let o(h) = -38*h**3 - 2*h**2 - 17*h + 61. Determine o(3).
-1034
Let i(h) = 198941*h + 198933. Calculate i(-1).
-8
Let o(x) = -2*x**3 - 2*x**2 + 69*x - 295. Give o(4).
-179
Let a(u) = 4*u**3 - 114*u**2 - 8456*u + 238336. Calculate a(28).
0
Let p(o) = 1866472*o + 9332376. What is p(-5)?
16
Let s(r) = -217*r**2 - 530*r - 37. What is s(-4)?
-1389
Let u(d) = 567*d**2 + 5345*d + 2145. Determine u(-9).
-33
Let f(q) = -q**3 - 23*q**2 - 12*q + 561. Give f(-23).
837
Let c(b) = 9*b**3 - 33*b**2 - 7*b - 327. Calculate c(0).
-327
Let s(w) = 4362*w + 30121. What is s(-7)?
-413
Let r(g) = 1103*g**2 - 5502*g - 17. Determine r(5).
48
Let l(c) = -c**2 + 50*c - 209. What is l(4)?
-25
Let g(z) = -z**3 - 19*z**2 + 19*z - 59. Give g(-17).
-960
Let f(l) = -3*l**3 - 173*l**2 + 355*l + 17333. Calculate f(-58).
107
Let p(m) = -529318*m + 4234529. Determine p(8).
-15
Let d(b) = 256489*b + 13337438. What is d(-52)?
10
Let p(i) = i**3 - 5*i**2 - 114*i + 1586. Give p(10).
946
Let c(k) = -1696*k + 15021. Determine c(9).
-243
Let a(x) = -1317*x + 106121. What is a(80)?
761
Let x(w) = 29048*w - 145240. Determine x(5).
0
Let r(n) = -n**3 + 7*n**2 - 9953*n - 39925. Determine r(-4).
63
Let p(v) = v**3 - 9*v**2 + 1314*v - 10486. Calculate p(8).
-38
Let v(j) = -11*j**2 + 691*j + 7112. Calculate v(-9).
2
Let d(o) = -6*o**2 - 28145*o - 28149. What is d(-1)?
-10
Let b(o) = 413*o + 4018. Calculate b(-10).
-112
Let g(x) = 22*x**2 - 583*x + 2463. What is g(21)?
-78
Let t(z) = -1008*z + 47382. Determine t(47).
6
Let o(d) = -13473*d - 80884. What is o(-6)?
-46
Let n(a) = 17*a - 467. What is n(-10)?
-637
Let u(x) = -x**3 + 103*x**2 - 2101*x + 222. Determine u(75).
147
Let k(n) = -124080*n + 248161. Give k(2).
1
Let m(t) = 535*t - 17376. Calculate m(31).
-791
Let b(z) = -11*z**3 + 96*z**2 - 7*z + 243. Determine b(7).
1125
Let n(i) = -1806*i + 11513. Give n(6).
677
Let k(b) = b**3 + 208*b**2 - 2643*b. Calculate k(12).
-36
Let q(m) = m**2 - 185*m + 8322. Calculate q(73).
146
Let m(f) = -24*f**3 + 145*f**2 - 297*f + 27. Determine m(2).
-179
Let q(a) = -a**3 - 62*a**2 + 369*a + 32306. Determine q(-59).
92
Let d(j) = 2*j**3 + 362*j**2 - 382*j - 4898. Calculate d(-182).
-1622
Let r(h) = -3*h**3 + 821*h**2 - 570*h + 6685. Calculate r(273).
133
Let a(y) = -y**3 - 53*y**2 - 188*y + 451. What is a(-49)?
59
Let q(i) = -i**3 + 39*i**2 + 220*i + 19991. Calculate q(51).
-1
Let p(z) = -31*z**2 - 123*z - 109. Give p(-3).
-19
Let z(a) = 124*a + 9431. Calculate z(-76).
7
Let t(k) = -4554283*k - 27325668. Give t(-6).
30
Let f(b) = -25*b**3 + 132*b**2 - 7*b + 19. What is f(5)?
159
Let y(c) = -c**3 - 457*c**2 + 7088*c + 3767. Calculate y(-472).
-9
Let s(u) = 42619*u - 340014. Give s(8).
938
Let q(x) = -7898*x - 134348. Determine q(-17).
-82
Let u(l) = -247*l + 7144. What is u(29)?
-19
Let t(a) = -176*a**2 - 11272*a - 516. Give t(-64).
-4
Let y(o) = -2478*o + 2600. Determine y(1).
122
Let j(g) = -4452*g - 952752. What is j(-214)?
-24
Let g(s) = 22043*s - 109953. Calculate g(5).
262
Let n(i) = 10648*i - 170387. Calculate n(16).
-19
Let v(p) = -585*p - 245. What is v(-1)?
340
Let n(k) = 304314*k + 3956068. Calculate n(-13).
-14
Let j(m) = -275*m + 31919. What is j(126)?
-2731
Let u(d) = -d**2 - 66*d + 676. What is u(34)?
-2724
Let d(v) = 40*v**2 + 2108*v - 8423. What is d(4)?
649
Let b(c) = 4119*c - 114973. What is b(28)?
359
Let j(c) = -622*c + 15284. Determine j(27).
-1510
Let v(c) = -4780*c - 11852. Calculate v(-3).
2488
Let s(v) = 16*v**3 - 238*v**2 - 15*v - 195. Determine s(15).
30
Let v(j) = 50*j**2 - 107*j - 65. Determine v(3).
64
Let r(m) = m**3 + 35*m**2 - 1474*m - 6388. What is r(-4)?
4
Let i(j) = -33332*j - 66855. What is i(-2)?
-191
Let u(o) = 8111*o + 1427. Calculate u(0).
1427
Let k(i) = 10327*i + 1094678. Give k(-106).
16
Let u(w) = 774*w + 6199. Calculate u(-9).
-767
Let a(b) = -b**2 - 32269*b + 3464239. Give a(107).
7
Let u(o) = -3*o**2 - 7617*o - 158629. What is u(-21)?
5
Let r(s) = 84426*s - 422193. What is r(5)?
-63
Let m(i) = i**3 - 88*i**2 - 394*i - 128. Give m(92).
-2520
Let g(u) = 594*u + 43378. Calculate g(-73).
16
Let g(z) = z**3 - 81*z**2 + 371*z + 479. What is g(76)?
-205
Let o(a) = -7186*a + 373675. Give o(52).
3
Let z(m) = -9*m**2 + 463*m - 3189. Calculate z(43).
79
Let q(l) = -11*l**2 - 15236*l + 30498. What is q(2)?
-18
Let r(u) = 19859*u - 377331. Give r(19).
-10
Let a(b) = -1355*b - 238474. Give a(-176).
6
Let k(u) = 282*u**2 + 5656*u + 399. Calculate k(-20).
79
Let q(f) = -5*f**2 - 131*f - 24. Determine q(-16).
792
Let g(t) = 18312*t + 6848686. What is g(-374)?
-2
Let q(n) = -52*n**2 - 1127*n + 536. Give q(-22).
162
Let t(g) = -36*g**2 - 681*g - 79. Calculate t(-8).
3065
Let q(o) = 4*o**3 - 840*o**2 - 6054*o - 4768. What is q(217)?
6
Let v(n) = -17*n**3 - 114*n**2 + 42*n + 145. What is v(-7)?
96
Let y(i) = -i**3 - 47*i**2 - 195*i + 453. Give y(-42).
-177
Let p(h) = -323*h + 70104. What is p(217)?
13
Let d(g) = -176*g**2 + 17411*g + 112242. Calculate d(105).
-3
Let g(h) = -h**2 + 311*h + 1927. What is g(-6)?
25
Let d(r) = -r**3 + 68*r**2 + 26*r - 1625. Calculate d(5).
80
Let f(z) = -152*z + 11325. Determine f(66).
1293
Let f(i) = -347*i**2 - 22204*i + 235. Determine f(-64).
-21
Let x(a) = -10*a**2 + 773*a - 7857. Give x(65).
138
Let i(a) = 4*a**3 + 206*a**2 + 74*a - 1463. Calculate i(-51).
-35
Let h(r) = r**2 + 33300*r + 166474. What is h(-5)?
-1
Let i(r) = -74*r**2 + 390*r - 321. Determine i(4).
55
Let z(l) = 16128*l - 289767. Give z(18).
537
Let o(g) = 10*g**3 + 1759*g**2 - 179*g - 520. Determine o(-176).
8
Let k(c) = -627*c**2 + 5652*c - 57. Determine k(9).
24
Let t(b) = -9*b**2 + 979*b + 944. Determine t(114).
-4414
Let b(i) = i**2 - 144*i - 105058. Give b(-260).
-18
Let i(x) = 10960*x + 43842. What is i(-4)?
2
Let c(b) = 2*b**2 + 32*b - 326. Give c(9).
124
Let p(k) = 13*k**2 + 88*k + 3. What is p(-13)?
1056
Let i(r) = -3*r**3 - 118*r**2 - 229*r + 15. Calculate i(-2).
25
Let u(v) = 4*v**3 - 33*v**2 + 118*v - 874. What is u(8)?
6
Let l(c) = 9*c**2 - 1978*c - 9962. Determine l(-5).
153
Let o(f) = 2988*f - 9642. Determine o(3).
-678
Let d(t) = 111918*t - 2462200. What is d(22)?
-4
Let y(r) = -1281*r**2 + 8975*r + 35. What is y(7)?
91
Let q(m) = 5*m**3 - 343*m**2 - 6777*m + 474707. What is q(68)?
-1
Let y(h) = -4*h**2 - 5418*h - 75124. Calculate y(-14).
-56
Let c(o) = o**2 + 807*o - 125192. Calculate c(133).
-172
Let j(w) = 433*w - 4943. What is j(11)?
-180
Let h(t) = -2*t**2 - 3388*t + 82461. What is h(24)?
-3
Let r(n) = 4*n**3 - 38*n**2 + 88*n - 145. What is r(7)?
-19
Let t(s) = -3388*s - 132131. Calculate t(-39).
1
Let s(